{"id":179,"date":"2015-12-07T01:17:25","date_gmt":"2015-12-07T01:17:25","guid":{"rendered":"http:\/\/www.schuller.it\/bws\/?page_id=179"},"modified":"2024-07-31T17:23:27","modified_gmt":"2024-07-31T17:23:27","slug":"contact","status":"publish","type":"page","link":"http:\/\/www.schuller.it\/bws\/?page_id=179","title":{"rendered":"Contact"},"content":{"rendered":"<p><strong>Prof. Dr. habil. Bj\u00f6rn W. Schuller<\/strong><\/p>\n<p><strong>Technische Universit\u00e4t M\u00fcnchen (TUM) \/ Klinikum rechts der Isar (MRI)<\/strong><br \/>\nTUM School of Medicine and Health (MH, also with TUM School of Computation, Information and Technology, CIT)<br \/>\nCHI &#8211; Chair of Health Informatics<br \/>\nNeherstra\u00dfe 1, 81675 M\u00fcnchen, Germany<br \/>\nRoom 7.1.10<br \/>\n+49-89-4140-8945<\/p>\n<p><strong>Munich Data Science Institute<\/strong><br \/>\nWalther-von-Dyck Stra\u00dfe 10, 85748 Garching, Germany<br \/>\nRoom 05.8120.036<\/p>\n<p><strong>Imperial College London<\/strong><br \/>\nGLAM &#8211; Group on Language, Audio &amp; Music<br \/>\n180 Queens&#8217; Gate, Huxley Bldg., London SW7 2AZ, UK<br \/>\nHuxley Bldg., Room 372<br \/>\n+44-207-59-48357<\/p>\n<p><em><strong>schuller at ieee.org<\/strong><\/em><\/p>\n<p><strong>X \/ Twitter<\/strong>: <a href=\"https:\/\/twitter.com\/BjoernSchuller\">@BjoernSchuller<\/a><\/p>\n<p><strong>LinkedIn<\/strong>: <a href=\"https:\/\/www.linkedin.com\/in\/bj%C3%B6rn-schuller-4a270526\/\">Bj\u00f6rn Schuller<\/a><\/p>\n<p><strong>ORCID<\/strong>: 0000-0002-6478-8699<\/p>\n<p><strong>DBLP ID<\/strong>: 54\/4934<\/p>\n<p><strong>Google Scholar ID<\/strong>: TxKNCSoAAAAJ<\/p>\n<p><!--<a name=\"hour\"><\/a>\n\n<H3>Consultation Hour<\/H3>   Thursdays 12.00 PM - 1.00 PM during lecture period\n\n\n\n<hr>\n\n\n\n--> <img decoding=\"async\" src=\"http:\/\/schuller.it\/index-Dateien\/C64ready_3.gif\" alt=\"Ready.\" \/><\/p>\n","protected":false},"excerpt":{"rendered":"<p>Prof. Dr. habil. Bj\u00f6rn W. Schuller Technische Universit\u00e4t M\u00fcnchen (TUM) \/ Klinikum rechts der Isar (MRI) TUM School of Medicine and Health (MH, also with TUM School of Computation, Information and Technology, CIT) CHI &#8211; Chair of Health Informatics Neherstra\u00dfe 1, 81675 M\u00fcnchen, Germany Room 7.1.10 +49-89-4140-8945 Munich Data Science\u2026<\/p>\n<p> <a class=\"continue-reading-link\" href=\"http:\/\/www.schuller.it\/bws\/?page_id=179\"><span>Continue reading<\/span><i class=\"crycon-right-dir\"><\/i><\/a> <\/p>\n","protected":false},"author":1,"featured_media":0,"parent":0,"menu_order":0,"comment_status":"closed","ping_status":"closed","template":"","meta":{"footnotes":""},"class_list":["post-179","page","type-page","status-publish","hentry"],"_links":{"self":[{"href":"http:\/\/www.schuller.it\/bws\/index.php?rest_route=\/wp\/v2\/pages\/179","targetHints":{"allow":["GET"]}}],"collection":[{"href":"http:\/\/www.schuller.it\/bws\/index.php?rest_route=\/wp\/v2\/pages"}],"about":[{"href":"http:\/\/www.schuller.it\/bws\/index.php?rest_route=\/wp\/v2\/types\/page"}],"author":[{"embeddable":true,"href":"http:\/\/www.schuller.it\/bws\/index.php?rest_route=\/wp\/v2\/users\/1"}],"replies":[{"embeddable":true,"href":"http:\/\/www.schuller.it\/bws\/index.php?rest_route=%2Fwp%2Fv2%2Fcomments&post=179"}],"version-history":[{"count":23,"href":"http:\/\/www.schuller.it\/bws\/index.php?rest_route=\/wp\/v2\/pages\/179\/revisions"}],"predecessor-version":[{"id":7509,"href":"http:\/\/www.schuller.it\/bws\/index.php?rest_route=\/wp\/v2\/pages\/179\/revisions\/7509"}],"wp:attachment":[{"href":"http:\/\/www.schuller.it\/bws\/index.php?rest_route=%2Fwp%2Fv2%2Fmedia&parent=179"}],"curies":[{"name":"wp","href":"https:\/\/api.w.org\/{rel}","templated":true}]}}