{"id":95,"date":"2015-12-07T00:48:24","date_gmt":"2015-12-07T00:48:24","guid":{"rendered":"http:\/\/www.schuller.it\/bws\/?page_id=95"},"modified":"2025-10-15T10:43:47","modified_gmt":"2025-10-15T10:43:47","slug":"special-events-sessions","status":"publish","type":"page","link":"http:\/\/www.schuller.it\/bws\/?page_id=95","title":{"rendered":"Special Events &#038; Sessions"},"content":{"rendered":"<ol>\n<li>Organisation Special Session\u00a0<em>&#8220;Multimodal Ambient Scene Perception, Understanding and Modeling&#8221;<\/em>, Xinyuan Qian, Zexu Pan, Jiadong Wang, Bj\u00f6rn Schuller, 51st International Conference on Acoustic, Speech, and Signal Processing (ICASSP), IEEE, Barcelona, Spain, 04.-08.05.2026.<\/li>\n<li>Organisation Special Session &#8220;The 1st INTERSPEECH Mice Autism Detection via Ultrasound Vocalisation (MADUV) Challenge&#8221;, Yamamoto Yoshiharu, Bj\u00f6rn Schuller, Toru Takumi, Zijiang Yang, Lukas Christ, Meishu Song, INTERSPEECH 2025, ISCA, Rotterdam, The Netherlands, 17.-21.08.2025.<\/li>\n<li>Organisation and Chairing Special Session &#8220;AI Security and Privacy in Speech and Audio Processing&#8221;, Zhao Ren, Kun Qian, Bj\u00f6rn W. Schuller, 48th International Conference on Acoustic, Speech, and Signal Processing (ICASSP), IEEE, Rhode Island, Greece, 04.-09.06.2023.<\/li>\n<li>Organisation and Chairing Special Session &#8220;Signal Processing and Machine Learning for Respiratory Disease Analysis&#8221;, Jing Han, Cecilia Mascolo, Bj\u00f6rn W. Schuller, 47th International Conference on Acoustic, Speech, and Signal Processing (ICASSP), IEEE, Singapore, Singapore, 22.-27.05.2022.<\/li>\n<li>Organisation and Chairing Special Session &#8220;Computer Audition for Healthcare (CA4H)&#8221;, Kun Qian, Rita Singh, Bj\u00f6rn W. Schuller, 47th International Conference on Acoustic, Speech, and Signal Processing (ICASSP), IEEE, Singapore, Singapore, 22.-27.05.2022.<\/li>\n<li>Organisation Competition &#8220;HEAR 2021 NeurIPS Challenge Holistic Evaluation of Audio Representations&#8221;, Joseph Turian Bhiksha Raj, Bj\u00f6rn W. Schuller, George Tzanetakis, Gissel Velarde, Kirk McNally, Jordie Shier, Max Henry, Nicolas Pinto, Yonatan Bisk, Gyanendra Das, Dorien Herremans, Jesse Engel, Pranay Manocha, Shinji Watanabe, Zeyu Jin, NeurIPS, NIPS, virtual, 06.-14.12.2021.<\/li>\n<li>Organisation and Chairing Special Session &#8220;INTERSPEECH 2021 Computational Paralinguistics Challenge (ComParE)&#8221;, Bj\u00f6rn Schuller, Anton Batliner, Christian Bergler, Cecilia Mascolo, Jing Han, Iulia Lefter, Heysem Kaya, INTERSPEECH 2021, ISCA, Brno, Czechia, 30.08.-03.09.2021.<\/li>\n<li>Organisation and Chairing Special Session &#8220;Intelligent Computing and Human Factors in Healthcare&#8221;, Bj\u00f6rn Schuller, Lucas Paletta, 12th International Conference on Applied Human Factors and Ergonomics (AHFE 2021) and the Affiliated Conferences, Springer, New York, NY, 25.-29.07.2021.<\/li>\n<li>Organisation and Chairing Special Session &#8220;Computer Audition for Healthcare (CA4H)&#8221;, Kun Qian, Tanja Schultz, Bj\u00f6rn W. Schuller, 46th International Conference on Acoustic, Speech, and Signal Processing (ICASSP), IEEE, Toronto, Canada, 06.-11.06.2021.<\/li>\n<li>Organisation and Chairing Special Session &#8220;INTERSPEECH 2020 Computational Paralinguistics Challenge (ComParE)&#8221;, Bj\u00f6rn Schuller, Anton Batliner, Christian Bergler, Eva-Maria Messner, Antonia Hamilton, INTERSPEECH 2020, ISCA, Shanghai, China, 14.-18.09.2020.<\/li>\n<li>Organisation and Chairing Special Session \u201cDeep Neural Audio Processing\u201d, Emanuele Principi, Aurelio Uncini, Bj\u00f6rn Schuller, Stefano Squartini, International Joint Conference on Neural Networks (IJCNN)\/World Congress on Computational Intelligence (WCCI), INNS\/IEEE, Glasgow, UK, 19.-24.07.2020.<\/li>\n<li>Organisation and Chairing Special Session &#8220;INTERSPEECH 2019 Computational Paralinguistics Challenge (ComParE)&#8221;, Bj\u00f6rn Schuller, Anton Batliner, Christian Bergler, Florian Pokorny, Jarek Krajewski, INTERSPEECH 2019, ISCA, Graz, Austria, 15.-19.09.2019.<\/li>\n<li>Organisation and Chairing Special Session &#8220;Dynamics of Emotional Speech Exchanges in Multimodal Communication&#8221;, Anna Esposito, Maria In\u00e9s Torres, Olga Gordeeva, Raquel Justo, Zoraida Callejas Carri\u00f3n, Kristiina Jokinen, Gennaro Cordasco, Bj\u00f6rn Schuller, Carl Vogel, Alessandro Vinciarelli, Gerard Chollet, Neil Glackin, INTERSPEECH 2019, ISCA, Graz, Austria, 15.-19.09.2019.<\/li>\n<li>Organisation and Chairing Special Session &#8220;Deep Neural Audio Processing&#8221;, Emanuele Principi, Aurelio Uncini, Bj\u00f6rn Schuller, Stefano Squartini, International Joint Conference on Neural Networks (IJCNN), INNS\/IEEE, Budapest, Hungary, 12.-14.07.2019.<\/li>\n<li>Organisation and Chairing Special Session &#8220;Speech &amp; Diagnostics&#8221;, Bj\u00f6rn Schuller, Tanja Schultz, Speech Communication, 13. ITG Fachtagung Sprachkommunikation, ITG, Oldenburg, Germany, 10.-12.10.2018.<\/li>\n<li>Organisation and Chairing Special Session &#8220;INTERSPEECH 2018 Computational Paralinguistics Challenge (ComParE)&#8221;, Bj\u00f6rn Schuller, Stefan Steidl, Anton Batliner, Peter Marschik, Harald Baumeister, Fengquan Dong, INTERSPEECH 2018, ISCA, Hyderabad, India, 02.-06.09.2018.<\/li>\n<li>Organisation Special Session &#8220;Deep Neural Audio Processing&#8221;, Emanuele Principi, Aurelio Uncini, Bj\u00f6rn Schuller, Stefano Squartini, International Joint Conference on Neural Networks (IJCNN) as part of the IEEE World Congress on Computational Intelligence (WCCI), INNS\/IEEE, Rio, Brazil, IEEE, 08.-13.07.2018.<\/li>\n<li>Organisation Special Session &#8220;Deep Learning for Computational Paralinguistics&#8221;, Zixing Zhang, Bj\u00f6rn Schuller, Shrikanth Narayanan, 43rd International Conference on Acoustic, Speech, and Signal Processing (ICASSP), IEEE, Seoul, Korea, 22.-27.04.2018.<\/li>\n<li>Organisation and Chairing Structured Session &#8220;Deep Learning for Audio&#8221;, Bj\u00f6rn Schuller, Gerhard Rigoll, DAGA 2018, 44. Deutsche Jahrestagung f\u00fcr Akustik, DEGA, M\u00fcnchen, Germany, 19.-22.03.2018.<\/li>\n<li>Organisation Special Session &#8220;Utilising Big Unlabelled and Unmatched Data for Affective Computing&#8221;, Hesam Sagha, Zixing Zhang, Florian Metze, Bj\u00f6rn Schuller, \u00a07th International AAAC\u00a0Conference on Affective Computing and Intelligent Interaction 2017 (ACII 2017), IEEE\/AAAC, San Antonio, TX, \u00a023.-26.10.2017.<\/li>\n<li>Organisation and Chairing Special Session &#8220;INTERSPEECH 2017 Computational Paralinguistics Challenge (ComParE)&#8221;, Bj\u00f6rn Schuller, Stefan Steidl, Anton Batliner, Elika Bergelson, Jarek Krajewski, Christoph Janott, INTERSPEECH 2017, ISCA, Stockholm, Sweden, 20.-24.08.2017.<\/li>\n<li>Organisation Special Event &#8220;Deep Learning killed the Linguistics Star? A bit of Ouija with\u00a0a dash\u00a0of Serious Discussion&#8221;, 18th International Conference on Intelligent Text Processing and Computational Linguistics, Springer, Budapest, Hungary, 17.-23.04.2017.<\/li>\n<li>Organisation Special Session &#8220;Computational Intelligence Algorithms for Digital Audio Applications&#8221;, Emanuele Principi, Aurelio Uncini, Bj\u00f6rn Schuller, Stefano Squartini, International Joint Conference on Neural Networks (IJCNN), INNS\/IEEE, Anchorage, AK, IEEE, 14.-19.05.2017.<\/li>\n<li>Organisation and Chairing Special Session &#8220;Speech &amp; Diagnostics&#8221;, Bj\u00f6rn Schuller, Tanja Schultz, Speech Communication, 12. ITG Fachtagung Sprachkommunikation, ITG, Paderborn, Germany,\u00a005.-07.10.2016.<\/li>\n<li>Organisation and Chairing Special Session &#8220;INTERSPEECH 2016 Computational Paralinguistics Challenge (ComParE)&#8221;, Bj\u00f6rn Schuller, Stefan Steidl, Anton Batliner, Julia Hirschberg, Judee Burgoon, Eduardo Coutinho,\u00a0INTERSPEECH 2016, ISCA, San Francisco, CA,\u00a008.-12.09.2016.<\/li>\n<li>Organisation Special Session &#8220;Computational Intelligence Algorithms for Digital Audio Applications&#8221;, Stefano Squartini, Aurelio Uncini, Bj\u00f6rn Schuller, Francesco Piazza, International Joint Conference on Neural Networks (IJCNN), INNS\/IEEE, Vancouver, Canada, IEEE, 25.-29.07.2016.<\/li>\n<li>Organisation and Chairing Special Session &#8220;Socio-cognitive Language Processing&#8221;, Bj\u00f6rn Schuller, Michael McTear, The Seventh International Workshop on Spoken Dialogue Systems (IWSDS), Springer, Riekonlinna, Finland, 13.-16.01.2016.<\/li>\n<li>Organisation Symposium &#8220;Music Emotion Recognition: Machine Learning and Cognitive Modelling&#8221;, Eduardo Coutinho, Bj\u00f6rn Schuller, 4th International Conference on Music &amp; Emotion (ICME 2015), Geneva, Switzerland, 12.-16.10.2015.<\/li>\n<li>Organisation and Chairing Special Session &#8220;INTERSPEECH 2015 Computational Paralinguistics Challenge (ComParE)&#8221;, Bj\u00f6rn Schuller, Stefan Steidl, Anton Batliner, Florian H\u00f6nig, Juan Rafael Orozco-Arroyave, INTERSPEECH 2015, ISCA, Dresden, Germany, 06.-10.09.2015.<\/li>\n<li>Organisation and Chairing Special Session &#8220;Speech science in end user applications&#8221;, Felix Burkhardt, Norbert Reithinger, Bj\u00f6rn Schuller, Nils Lenke, Diane Hirschfeld, INTERSPEECH 2015, ISCA, Dresden, Germany, 06.-10.09.2015.<\/li>\n<li>Organisation Special Session &#8220;Computational Intelligence Algorithms for Digital Audio Applications&#8221;, Stefano Squartini, Aurelio Uncini, Bj\u00f6rn Schuller, Francesco Piazza, International Joint Conference on Neural Networks (IJCNN), INNS\/IEEE, Killarney, Ireland 11.-16.07.2015.<\/li>\n<li>Organisation and Chairing Special Session &#8220;INTERSPEECH 2014 Computational Paralinguistics Challenge (ComParE)&#8221;, Bj\u00f6rn Schuller, Stefan Steidl, Anton Batliner, Julien Epps, INTERSPEECH 2014, ISCA, Singapore, Singapore, 14.-18.09.2014.<\/li>\n<li>Organisation and Co-Chairing Panel Session &#8220;Looking for emotional and social signals in multimedia: Where art thou?&#8221;, Hayley Hung, Hatice Gunes, Lexing Xie, Bj\u00f6rn Schuller, 22nd ACM International Conference on Multimedia (MM 2014), ACM, Orlando, FL, 03.-07.11.2014.<\/li>\n<li>Organisation and Co-Chairing Special Session &#8220;Emotional Speech Processing for Human-Machine Interaction&#8221;, Dong-Yan Huang, Swee Lan See, Bj\u00f6rn Schuller, Vidhyasaharan Sethu, Asia-Pacific Signal and Information Processing Association Annual Summit and Conference (APSIPA-ASC 2014), IEEE, Siem Reap, Cambodia, 09.-12.12.2014.<\/li>\n<li>Organisation Special Session &#8220;Computational Intelligence Algorithms for Digital Audio Applications&#8221;, Stefano Squartini, Aurelio Uncini, Bj\u00f6rn Schuller, Francesco Piazza, World Congress on Computational Intelligence (WCCI 2014), IEEE, Beijing, China, 06.-09.07.2014.<\/li>\n<li>Organisation and Chairing Special Session &#8220;Speech science in end user applications&#8221;, Felix Burkhardt, J\u00fcrgen Schr\u00f6ter, Bj\u00f6rn Schuller, INTERSPEECH 2013, ISCA, Lyon, France, 25.-29.08.2013.<\/li>\n<li>Organisation and Chairing Special Event &#8220;INTERSPEECH 2013 Computational Paralinguistics Challenge (ComParE)&#8221;, Bj\u00f6rn Schuller, Stefan Steidl, Anton Batliner, Alessandro Vinciarelli, Klaus Scherer, Fabien Ringeval, Mohamed Chetouani, INTERSPEECH 2013, ISCA, Lyon, France, 25.-29.08.2013.<\/li>\n<li>Organisation and Chairing Special Event &#8220;INTERSPEECH 2012 Speaker Trait Challenge&#8221;, Bj\u00f6rn Schuller, Stefan Steidl, Anton Batliner, Elmar N\u00f6th, Alessandro Vinciarelli, Felix Burkhardt, Rob van Son, INTERSPEECH 2012, Portland, OR, USA, 09.-13.09.2012.<\/li>\n<li>Organisation Special Session &#8220;Advances in Cognitive and Emotional Information Processing&#8221;, Stefano Squartini, Francesco Piazza, Bj\u00f6rn Schuller, 9th International Symposium on Neural Networks (ISNN 2012), LNCS, Springer, Shenyang, China, 11.-14.07.2012.<\/li>\n<li>Organisation and Chairing Special Event <a href=\"http:\/\/emotion-research.net\/sigs\/speech-sig\/is11-speaker-state-challenge\">&#8220;INTERSPEECH 2011 Speaker State Challenge&#8221;<\/a>, Bj\u00f6rn Schuller, Anton Batliner, Stefan Steidl, Florian Schiel, Jarek Krajewski, INTERSPEECH 2011, Florence, Italy, 28.-31.08.2011.<\/li>\n<li>Organisation and Chairing Special Session &#8220;Audio\/Visual Detection of Non-Linguistic Vocal Outbursts&#8221;, Bj\u00f6rn Schuller, Maja Pantic, International Conference on Acoustics Speech and Signal Processing (ICASSP) 2011, Prague, IEEE, Czech Republic, 22.-27.05.2011.<\/li>\n<li>Organisation and Chairing Special Session &#8220;Computational Intelligence Algorithms for Advanced Human-Machine Interaction&#8221;, Jianhua Tao, Stefano Squartini, Bj\u00f6rn Schuller, 8th International Symposium on Neural Networks (ISNN 2011), IEEE Computational Intelligence Society, Springer LNCS, Guilin, China, 29.05.-01.06.2011.<\/li>\n<li>Organisation and Chairing Special Session &#8220;Conventional, Online, and Robotic Government 2011 (CORG 2011)&#8221; with Chaudhary Imran Sarwar, 4th International Conference on Human System Interaction (HSI 2011), IEEE, Yokohama, Japan, 19.-21.05.2011.<\/li>\n<li>Organisation and Chairing Special Session &#8220;Conventional, Online, and Robot-Based Information Leadership&#8221; with Chaudhary Imran Sarwar, Tariq Mehmood Chaudhry, Adrian Cheok, 3rd Asian Conference on Intelligent Information and Database Systems (ACIIDS 2011), Springer LNAI, Daegu, Korea, 20.-22.04.2011.<\/li>\n<li>Organisation and Chairing Special Session and Challenge <a href=\"http:\/\/emotion-research.net\/sigs\/speech-sig\/paralinguistic-challenge\">&#8220;INTERSPEECH 2010 Paralinguistic Challenge&#8221;<\/a>, Bj\u00f6rn Schuller, Stefan Steidl, Anton Batliner, Felix Burkhardt, Laurence Devillers, Christian M\u00fcller, Shrikanth Narayanan, INTERSPEECH 2010, ISCA, Makuhari, Japan, 26.-30.09.2010.<\/li>\n<li>Organisation and Chairing Special Session <a href=\"http:\/\/emotion-research.net\/sigs\/speech-sig\/acii09ss\">&#8220;Recognition of Non-Prototypical Emotion from Speech &#8211; The final frontier?&#8221;<\/a>, Bj\u00f6rn Schuller, Anton Batliner, Stefan Steidl, Dino Seppi, 4th International HUMAINE Association Conference on Affective Computing and Intelligent Interaction 2009 (ACII 2009), IEEE, Amsterdam, The Netherlands, 10.-12.09.2009.<\/li>\n<li>Organisation and Chairing Special Session and Challenge <a href=\"http:\/\/emotion-research.net\/sigs\/speech-sig\/emotion-challenge\/is09\">&#8220;INTERSPEECH 2009 Emotion Challenge&#8221;<\/a>, Bj\u00f6rn Schuller, Stefan Steidl, Anton Batliner, INTERSPEECH 2009, ISCA, Brighton, UK, 06.-10.09.2009.<\/li>\n<li>Organisation Structured Session &#8220;Music Processing&#8221;, DAGA 2010, 36. Deutsche Jahrestagung f\u00fcr Akustik, DEGA, Berlin, Germany, 15.-18.03.2010.<\/li>\n<li>Organisation and Chairing Structured Session &#8220;Music Processing&#8221;, Bj\u00f6rn Schuller, Armin Kohlrausch, International Conference on Acoustics (NAG\/DAGA 2009), including the 35th German Annual Conference on Acoustics, Acoustical Society of the Netherlands (Nederlands Akoestisch Genootschap, NAG), DEGA, Rotterdam, The Netherlands, 23.-26.03.2009.<\/li>\n<li>Organisation and Chairing Structured Session &#8220;Music Processing&#8221;, DAGA 2008, 34. Deutsche Jahrestagung f\u00fcr Akustik, DEGA, Dresden, Germany, 10.-13.03.2008.<\/li>\n<li>Organisation and Chairing Structured Session &#8220;Music Processing&#8221;, DAGA 2007, 33. Deutsche Jahrestagung f\u00fcr Akustik, DEGA, Stuttgart, Germany, 19.-22.03.2007.<\/li>\n<li>Organisation and Chairing Structured Session &#8220;Music Processing&#8221;, Bj\u00f6rn Schuller, Meinard M\u00fcller, Frank Kurth, Michael Clausen, DAGA 2006, 32. Deutsche Jahrestagung f\u00fcr Akustik, DEGA, Braunschweig, Germany, 20.-23.03.2006.<\/li>\n<li>Organisation and Chairing Structured Session &#8220;Music Processing&#8221;, Bj\u00f6rn Schuller, DAGA 2005, 31. Deutsche Jahrestagung f\u00fcr Akustik, DEGA, M\u00fcnchen, Germany, 14.-17.03.2005.<\/li>\n<\/ol>\n<p><img decoding=\"async\" src=\"http:\/\/schuller.it\/index-Dateien\/C64ready_3.gif\" alt=\"Ready.\" \/><\/p>\n","protected":false},"excerpt":{"rendered":"<p>Organisation Special Session\u00a0&#8220;Multimodal Ambient Scene Perception, Understanding and Modeling&#8221;, Xinyuan Qian, Zexu Pan, Jiadong Wang, Bj\u00f6rn Schuller, 51st International Conference on Acoustic, Speech, and Signal Processing (ICASSP), IEEE, Barcelona, Spain, 04.-08.05.2026. Organisation Special Session &#8220;The 1st INTERSPEECH Mice Autism Detection via Ultrasound Vocalisation (MADUV) Challenge&#8221;, Yamamoto Yoshiharu, Bj\u00f6rn Schuller, Toru\u2026<\/p>\n<p> <a class=\"continue-reading-link\" href=\"http:\/\/www.schuller.it\/bws\/?page_id=95\"><span>Continue reading<\/span><i class=\"crycon-right-dir\"><\/i><\/a> <\/p>\n","protected":false},"author":1,"featured_media":0,"parent":0,"menu_order":0,"comment_status":"closed","ping_status":"closed","template":"","meta":{"footnotes":""},"class_list":["post-95","page","type-page","status-publish","hentry"],"_links":{"self":[{"href":"http:\/\/www.schuller.it\/bws\/index.php?rest_route=\/wp\/v2\/pages\/95","targetHints":{"allow":["GET"]}}],"collection":[{"href":"http:\/\/www.schuller.it\/bws\/index.php?rest_route=\/wp\/v2\/pages"}],"about":[{"href":"http:\/\/www.schuller.it\/bws\/index.php?rest_route=\/wp\/v2\/types\/page"}],"author":[{"embeddable":true,"href":"http:\/\/www.schuller.it\/bws\/index.php?rest_route=\/wp\/v2\/users\/1"}],"replies":[{"embeddable":true,"href":"http:\/\/www.schuller.it\/bws\/index.php?rest_route=%2Fwp%2Fv2%2Fcomments&post=95"}],"version-history":[{"count":58,"href":"http:\/\/www.schuller.it\/bws\/index.php?rest_route=\/wp\/v2\/pages\/95\/revisions"}],"predecessor-version":[{"id":8100,"href":"http:\/\/www.schuller.it\/bws\/index.php?rest_route=\/wp\/v2\/pages\/95\/revisions\/8100"}],"wp:attachment":[{"href":"http:\/\/www.schuller.it\/bws\/index.php?rest_route=%2Fwp%2Fv2%2Fmedia&parent=95"}],"curies":[{"name":"wp","href":"https:\/\/api.w.org\/{rel}","templated":true}]}}